2
Suppose -2*u = 5 + 7. Let o be ((-110)/(-6))/((-2)/u). What is the greatest common factor of 5 and o?
5
Let m = 161 + -65. Let k = 5 - 6. Let z = k + 13. Calculate the highest common divisor of z and m.
12
Let t be (-122)/(-3) - (-20)/(-30). Suppose -u + 5 = 4, 4*z + u - 65 = 0. What is the highest common factor of t and z?
8
Let s(d) = 15*d**2 + 4*d. Let t be s(-2). Calculate the greatest common divisor of 208 and t.
52
Let a = -123 - -233. Calculate the greatest common factor of a and 22.
22
Let j(v) = 4*v**3 + v. Let c be j(2). What is the highest common factor of c and 136?
34
Let a = 31 - 18. What is the highest common factor of a and 104?
13
Suppose -2*o = -7*o. Suppose o = -4*a + 2*s + 50, -3*s = 2*a + 2*s - 19. What is the greatest common factor of 12 and a?
12
Let w = -7 + 9. Let b(f) = 2*f - 3*f - w + 1 + 7. Let u be b(0). What is the greatest common factor of 6 and u?
6
Let s be (11 - 3)*10/4. Let f be 59 + (3 - (5 + -3)). Calculate the greatest common divisor of f and s.
20
Suppose 4*v = 15 + 97. What is the highest common divisor of v and 21?
7
Let d be 1/((-3)/228*-4). Let q = d + -13. Calculate the greatest common divisor of q and 6.
6
Suppose 0 = s - 10 - 1. Let o = s - 3. What is the greatest common divisor of o and 24?
8
Let c be (-342)/(-21) + (-4)/14. Suppose c = 2*z - z. Let i(s) = s**2 + 8. Let d be i(0). What is the greatest common divisor of z and d?
8
Let x(z) = -3*z + 7*z + 3*z - z**3 - 4*z + 8*z**2. Let i be x(8). Calculate the greatest common divisor of 8 and i.
8
Let y(i) = -4*i - 1. Let n be y(-2). Suppose 3*g - n = -1. Calculate the highest common divisor of g and 16.
2
Suppose 5*l = 5*v + 385, -4*l + 4*v + 233 = -l. What is the greatest common factor of l and 30?
15
Suppose -h + 0 = -r + 1, 0 = 4*r + h - 24. Suppose -4*d + 218 = -r*d. Let w = d - -308. Calculate the highest common divisor of 18 and w.
18
Let q(h) = -h**3 + 2*h + 21. Let a be q(0). What is the highest common divisor of 231 and a?
21
Let p = -9 + 60. What is the greatest common factor of p and 34?
17
Suppose 0 = -o, 5*s + o = 4*s + 15. What is the highest common factor of 135 and s?
15
Let w(j) = 7*j + 2. Let i be (-1 - -3)*(-3)/(-2). Let n be ((-2)/i)/((-4)/42). Let x be w(n). What is the highest common factor of x and 17?
17
Let u(a) = 2*a**2 + 8*a + 8. Let o be u(-6). Let r = o + -17. Calculate the greatest common divisor of 120 and r.
15
Suppose -k + 4 = -5. Calculate the highest common factor of 3 and k.
3
Suppose 0 = 12*v - 13*v + 12. What is the greatest common divisor of v and 108?
12
Suppose 5*k - 36 = x + 18, -5*k + 38 = 3*x. Calculate the highest common factor of k and 15.
5
Suppose 2*z = -2*v + 48, 4*z = 3*v + v + 96. Let b = -2 + z. Calculate the highest common factor of b and 66.
22
Let p be ((-12)/(-8))/(2/4). Let z(o) = o**2 - 2*o - 1. Let a be z(p). Suppose -5*s = -3*f - a, 4*f + s + 1 = 6. What is the greatest common divisor of f and 1?
1
Let m(f) = f. Let y be m(2). Suppose 2*n - 12 = -x - 0*x, 0 = y*n - 10. Let c(h) = h - 1. Let b be c(5). Calculate the greatest common divisor of x and b.
2
Let m be (9/(-12))/(2/(-56)). Suppose -3*o + 63 = -m. Calculate the highest common divisor of o and 42.
14
Suppose -8*m = 45 - 69. Let g(r) = 0*r**2 + 1 - r**2 + 0*r**2. Let b be g(0). Calculate the highest common factor of b and m.
1
Suppose -2 = -4*g - 2*q, -g + q = -4*q - 6. Calculate the greatest common factor of 3 and g.
1
Let w(g) = g**2 + 3*g - 3. Let c be w(9). What is the greatest common divisor of c and 21?
21
Suppose t - 6 = -t. Suppose -5*j + 2*s = -143, 27 + 7 = 2*j + 5*s. What is the greatest common divisor of t and j?
3
Suppose 12 = o - 1. Let w = 14 - 9. Let p = o + w. Calculate the highest common factor of 45 and p.
9
Let f(l) = -l**2 + 5*l - 2. Let k be f(4). Calculate the greatest common factor of 14 and k.
2
Let b be -11*(-1)/(3/42). Calculate the highest common factor of b and 14.
14
Suppose -2*u = -6 - 8. Let y = u + 6. What is the highest common factor of 117 and y?
13
Let z(b) = -b**3 - 5*b**2 - b + 2. Let n be z(-5). Let o = -3 + n. Suppose m + o*m + 62 = 4*a, -m - 54 = -4*a. What is the greatest common factor of a and 39?
13
Let o = 69 - 65. Calculate the highest common factor of o and 20.
4
Let x(h) = 6*h - 2. Let k be x(7). Let a be 8/((0 - -2) + -1). Calculate the highest common factor of a and k.
8
Let g(b) = -b**3 - 10*b**2 + 10*b - 8. Let d be 11*(-3)/(-6)*-2. Let n be g(d). What is the highest common factor of 6 and n?
3
Let a(b) = b**2 + 7*b + 8. Let v be a(-7). Suppose -64 = l - 2*l. Calculate the greatest common factor of v and l.
8
Let z = -17 - -12. Let l(q) = -9*q - 2. Let k be l(z). Let m be -2*(-3)/(-6) + k. What is the greatest common factor of m and 21?
21
Let x be 10/(-70) + 491/7. What is the highest common divisor of x and 10?
10
Suppose -5*y + z = -0*z - 112, -26 = -y + 2*z. Calculate the greatest common divisor of y and 33.
11
Let i(r) = 5*r**2 - 31*r - 8. Let o be i(7). Suppose 3*t - 15 = -3*b + 18, -4*b + 2*t + 26 = 0. What is the greatest common divisor of o and b?
4
Suppose -a + 2*w = -52 - 40, 320 = 3*a + 5*w. Calculate the greatest common factor of 75 and a.
25
Let o(g) = 6*g + 77*g**2 + g - 4*g + 2. Let s be o(-2). Suppose 79 = -5*a + s. Calculate the greatest common divisor of a and 5.
5
Let z = -36 - -38. What is the greatest common divisor of 6 and z?
2
Let a be 16/20*35/2. Calculate the greatest common factor of a and 56.
14
Let i be (-44)/(-8) + (-2)/(-4). Suppose -2*t = -i*t - 2*c + 102, 126 = 5*t + 3*c. Suppose 3*h - 6*h + t = 0. What is the highest common factor of 36 and h?
9
Suppose -x = 1 - 5. Suppose 5*r = -20, x*j - r - 44 = -0*j. Calculate the greatest common divisor of j and 1.
1
Suppose 3*y - 6 = y + 3*v, -5*v - 12 = -4*y. Let c = 7 - 4. Suppose 21 = y*m + c. What is the greatest common divisor of m and 12?
6
Suppose -7*z + 3*z + 220 = 0. What is the highest common factor of 22 and z?
11
Let x(h) = -2*h - 4. Let r be x(-4). Let d = -47 + 31. Let a be (d/(-6))/(2/24). Calculate the highest common divisor of a and r.
4
Suppose 2*j - 24 = -0. Calculate the greatest common divisor of j and 48.
12
Let t be (-48)/(-10) + (-4)/(-20). Suppose -o = -5*m + t, m + 0*m - 1 = o. Calculate the greatest common factor of m and 5.
1
Suppose -16 + 4 = 3*k, 5*x = 5*k + 300. Suppose 5*n - n - x = 0. Suppose 31 = -0*c + 4*c - 5*o, -c - 4*o = -34. What is the highest common factor of c and n?
14
Suppose 0 = 2*i + 3*c - 25, i + 23 = 2*i - 2*c. Let g(y) = y**2 + 2*y - 7. Let v be g(-6). Calculate the highest common divisor of i and v.
17
Let o be 2/(-8)*14*4/(-7). What is the greatest common factor of 14 and o?
2
Let l be (-2796)/(-16) - 3/(-12)*1. Calculate the highest common factor of 25 and l.
25
Suppose 39 - 208 = -4*t + 5*j, 0 = -2*t - 5*j + 47. Let n = -23 - -26. Suppose 5*d = n*d + t. What is the highest common factor of 6 and d?
6
Let p(f) = f**3 - 6*f**2 + 4. Let r be p(6). Suppose -3*h - 22 = -r*v + 79, 4*v - h = 111. What is the highest common divisor of 261 and v?
29
Let q(i) = 24*i - 2. Let d be q(-3). Let y = d - -106. Calculate the greatest common factor of y and 80.
16
Suppose 12 = 4*l - 3*s, 2*s - 2 = -0*l + l. Suppose l = -5*w + 26. Suppose -2*u - 5*q + 95 = u, 0 = -w*q + 4. What is the highest common divisor of u and 3?
3
Let r(u) = u**2 + u + 6. Let f be r(-6). Let a be -1 + 4 + -1 - -22. What is the greatest common factor of a and f?
12
Let d be (-5)/(-30) + (-106)/(-12). Calculate the greatest common divisor of d and 27.
9
Suppose -3*c + 3*q + 93 = 0, 0 = 4*c - q - 100 - 30. What is the highest common divisor of 11 and c?
11
Suppose -4 = -3*l + l. Let j(c) = 3 - 1 - 4 + l*c. Let o be j(2). What is the greatest common divisor of 1 and o?
1
Let w(d) = -d**3 - 5*d**2 - d - 4. Let r be w(-5). Let f be (-11)/(-1 + 0/(-2)). Calculate the highest common divisor of r and f.
1
Let u be 125/15*9/5. What is the highest common factor of u and 195?
15
Let h = -99 + 155. Calculate the greatest common divisor of 84 and h.
28
Let c = 19 - -37. Suppose -4*x - c = -164. What is the greatest common divisor of 216 and x?
27
Suppose k + 0*k + 6 = 0. Let a be (36/15)/(k/(-20)). Let q be (-70)/(-6) - 2/(-6). Calculate the greatest common factor of a and q.
4
Suppose -o - q = -8, -2*o + q =